{"id":2207,"date":"2022-10-24T15:06:29","date_gmt":"2022-10-24T13:06:29","guid":{"rendered":"https:\/\/www.h-universal.com\/le-camere\/"},"modified":"2022-12-07T14:23:15","modified_gmt":"2022-12-07T13:23:15","slug":"les-chambres","status":"publish","type":"page","link":"https:\/\/www.h-universal.com\/fr\/les-chambres\/","title":{"rendered":"Les chambres"},"content":{"rendered":"<h2>Toutes les chambres de l&rsquo;Hotel Universal disposent d\u2019un balcon face \u00e0 la mer ou offrant une vue lat\u00e9rale sur la mer.<\/h2>\n<p>Les chambres de notre h\u00f4tel en bord de mer \u00e0 Bellaria offrent une <strong>vue magnifique<\/strong> et b\u00e9n\u00e9ficient du soleil et de la brise provenant directement de la plage.<\/p>\n<p>Depuis <strong>le balcon<\/strong> de votre chambre <strong>avec vue FACE \u00c0 LA MER<\/strong>, contemplez le lever du soleil et, \u00e0 la fin de la journ\u00e9e, profitez du spectacle du soleil couchant et des lumi\u00e8res de la Riviera qui illuminent la c\u00f4te jusqu&rsquo;\u00e0 l&rsquo;horizon.<\/p>\n<p>Confortablement assis sur le balcon de votre chambre avec VUE MER LAT\u00c9RALE, en fonction de l&rsquo;exposition, vous pouvez :<\/p>\n<p><strong>&#8211; contempler le lever du soleil<\/strong> et vous pr\u00e9parer \u00e0 savourer une nouvelle journ\u00e9e de vacances<br \/>\nou<br \/>\n<strong>&#8211; profiter du spectacle du coucher du soleil<\/strong> apr\u00e8s une splendide journ\u00e9e pass\u00e9e \u00e0 la plage.<\/p>\n<p>Toutes nos chambres disposent d&rsquo;un balcon, d\u2019une climatisation autonome, TV par satellite avec cha\u00eenes Sky, t\u00e9l\u00e9phone, coffre-fort, s\u00e8che-cheveux, mini-r\u00e9frig\u00e9rateur et doubles oreillers.<br \/>\nChaque chambre dispose d&rsquo;une salle de bains avec cabine de douche et d\u2019un acc\u00e8s par cl\u00e9 \u00e9lectronique.<\/p>\n","protected":false},"excerpt":{"rendered":"<p>Toutes les chambres de l&rsquo;Hotel Universal disposent d\u2019un balcon face \u00e0 la mer ou offrant une vue lat\u00e9rale sur la mer. Les chambres de notre h\u00f4tel en bord de mer \u00e0 Bellaria offrent une vue magnifique et b\u00e9n\u00e9ficient du soleil et de la brise provenant directement de la plage. Depuis le balcon de votre chambre avec vue FACE \u00c0 LA MER, contemplez le lever du soleil et, \u00e0 la fin &#8230;<\/p>\n","protected":false},"author":1,"featured_media":0,"parent":0,"menu_order":1,"comment_status":"closed","ping_status":"closed","template":"template\/template.camere.php","meta":{"_acf_changed":false},"class_list":["post-2207","page","type-page","status-publish","hentry"],"acf":[],"_links":{"self":[{"href":"https:\/\/www.h-universal.com\/fr\/wp-json\/wp\/v2\/pages\/2207","targetHints":{"allow":["GET"]}}],"collection":[{"href":"https:\/\/www.h-universal.com\/fr\/wp-json\/wp\/v2\/pages"}],"about":[{"href":"https:\/\/www.h-universal.com\/fr\/wp-json\/wp\/v2\/types\/page"}],"author":[{"embeddable":true,"href":"https:\/\/www.h-universal.com\/fr\/wp-json\/wp\/v2\/users\/1"}],"replies":[{"embeddable":true,"href":"https:\/\/www.h-universal.com\/fr\/wp-json\/wp\/v2\/comments?post=2207"}],"version-history":[{"count":0,"href":"https:\/\/www.h-universal.com\/fr\/wp-json\/wp\/v2\/pages\/2207\/revisions"}],"wp:attachment":[{"href":"https:\/\/www.h-universal.com\/fr\/wp-json\/wp\/v2\/media?parent=2207"}],"curies":[{"name":"wp","href":"https:\/\/api.w.org\/{rel}","templated":true}]}}

<h2>Toutes les chambres de l&rsquo;Hotel Universal disposent d’un balcon face à la mer ou offrant une vue latérale sur la mer.</h2>
<p>Les chambres de notre hôtel en bord de mer à Bellaria offrent une <strong>vue magnifique</strong> et bénéficient du soleil et de la brise provenant directement de la plage.</p>
<p>Depuis <strong>le balcon</strong> de votre chambre <strong>avec vue FACE À LA MER</strong>, contemplez le lever du soleil et, à la fin de la journée, profitez du spectacle du soleil couchant et des lumières de la Riviera qui illuminent la côte jusqu&rsquo;à l&rsquo;horizon.</p>
<p>Confortablement assis sur le balcon de votre chambre avec VUE MER LATÉRALE, en fonction de l&rsquo;exposition, vous pouvez :</p>
<p><strong>&#8211; contempler le lever du soleil</strong> et vous préparer à savourer une nouvelle journée de vacances<br />
ou<br />
<strong>&#8211; profiter du spectacle du coucher du soleil</strong> après une splendide journée passée à la plage.</p>
<p>Toutes nos chambres disposent d&rsquo;un balcon, d’une climatisation autonome, TV par satellite avec chaînes Sky, téléphone, coffre-fort, sèche-cheveux, mini-réfrigérateur et doubles oreillers.<br />
Chaque chambre dispose d&rsquo;une salle de bains avec cabine de douche et d’un accès par clé électronique.</p>

<p>Toutes les chambres de l&rsquo;Hotel Universal disposent d’un balcon face à la mer ou offrant une vue latérale sur la mer. Les chambres de notre hôtel en bord de mer à Bellaria offrent une vue magnifique et bénéficient du soleil et de la brise provenant directement de la plage. Depuis le balcon de votre chambre avec vue FACE À LA MER, contemplez le lever du soleil et, à la fin &#8230;</p>
